a - 5 - 7*a + 3. Let z be 669/51 + 17/((-2023)/14). Calculate g(z).
37
Let f(j) = j - 1. Let z(t) = -t + 2. Let g(x) = -4*f(x) - 3*z(x). Suppose 2*w = -2*m - 44, 2*w + 0*m + 28 = 2*m. Let a be 1 - (-18)/3*9/w. Determine g(a).
0
Let c(s) = -3*s - 2. Suppose 0 = -6*n - 5*n + 99. Let z(k) = -8 - 3 - 8*k - 5 + n. Let w(u) = 11*c(u) - 4*z(u). What is w(11)?
-5
Let v(r) = -7*r**3 - 15*r**2 + 11*r + 12. Let h(n) = -n**3 - 5*n**2 + 6*n + 1. Let u(s) = 3*h(s) - v(s). Give u(2).
37
Suppose 0 = 2*j + 74 - 96. Let t(f) = -f**3 + 11*f**2 - 2*f + 34. Let w be t(j). Let r(a) = -a**3 + 13*a**2 - 12*a + 9. Calculate r(w).
9
Let w(x) = 3*x + 2. Let b(p) = -8*p - 5. Let u(k) = 6*b(k) + 17*w(k). Suppose 0 = -2*l - 31 + 65. Suppose 4*h + 8 = -4*a, -l = 4*a - 4*h - 1. Give u(a).
-5
Let c = 53 - 37. Suppose -11*p = -c*p + 15. Let t(f) = 5*f**2 - 2 - p*f + 5 - 4*f**2. Determine t(5).
13
Let h(k) = -k**2 - 15*k + 151. Let r = -3029 - -3036. What is h(r)?
-3
Let l(s) = -2*s**2 + 5*s - 5. Suppose -4*y + y = -3*c - 18, 0 = 4*c. Calculate l(y).
-47
Let r(b) = b - 13. Let l(j) = -10 + 4 + 5. Let g(o) = l(o) - r(o). Let i = 61 - 51. Give g(i).
2
Let p(n) be the third derivative of n**4/24 - 8*n**3/3 - 42*n**2 + n - 4. Let y = -10 - -19. Give p(y).
-7
Suppose -5*m + m + 5*d = 13, 5*d = 25. Let v be 2*(3/m)/1. Let j(s) = 143*s**3 - 67*s**3 - 77*s**3 + 3 + 3*s**2 - 4*s. Give j(v).
-1
Let r(h) be the first derivative of 127*h - 64 + 127*h - 255*h + 2*h**2. Determine r(-1).
-5
Let h(i) = 11*i + 207. Let m = 1192 - 1210. Give h(m).
9
Suppose 15 = 6*q - q. Let a(f) = -q*f + 12*f - 1 - 10*f + 4. Let z be (-27)/(-6)*((-24)/9)/2. Determine a(z).
9
Let s(d) be the first derivative of -d**3/3 + 4*d**2 - 6*d - 315. Let p(n) = 4*n - 4. Let c be p(3). Determine s(c).
-6
Let b be (-4)/8 - ((-3)/6 + 1). Let g be (1 + -2)/((-4)/(-12)*b). Let o be (g + -1)*7/(-2). Let p(s) = s**2 + 9*s + 9. What is p(o)?
-5
Let f(h) = -1 + 8*h - 5 + 1 + 14 + h**2. What is f(-4)?
-7
Let x(i) = 28*i + 2. Let c(v) = -v**3 - 2*v**2 + 12*v - 7. Let a be c(2). Give x(a).
30
Suppose 0 = -5*y + 3*x + 238, y + 5*x = -3*y + 220. Let s = -47 + y. Let a(o) be the third derivative of o**5/30 - o**4/6 - o**3/6 - o**2. Determine a(s).
5
Let i(h) = 383*h**2 + 0*h - 3 + h - 751*h**2 + 370*h**2. Let v be 4/(-18) - (-14)/63. Give i(v).
-3
Let i(b) = -60256 - b**2 - 28*b - 60255 + 120484. Determine i(-28).
-27
Let p(t) = -2*t**3 - 18*t**2 + 5*t - 68. Let k(a) = a**3 + 9*a**2 - 2*a + 34. Let l(m) = -7*k(m) - 4*p(m). Determine l(-10).
-6
Let q(u) = -2*u - 2. Let d be q(-4). Suppose 0 = -d*a + 3*a + 6. Let h(j) = 5*j**2 + 28*j**3 + a*j + 2*j - 27*j**3. Give h(-3).
6
Let f(h) = -4*h**3 - h**2 - 2*h - 1. Let s(m) = -m**2 - 26*m - 70. Let r = 67 + -90. Let b be s(r). Calculate f(b).
4
Let a(x) = 6*x + 56. Let b be a(-10). Let q be ((-6)/b)/((-6)/(-16)*2). Let k(h) = -6 + q*h + h**2 - 2*h**2 + 7 + 6. What is k(6)?
-17
Suppose 0 = u - 9*b + 4*b - 22, -8 = 4*u + 4*b. Let g(k) = k + u*k - 5 - 2*k. Let d be (2 - -2)*45/36. Give g(d).
0
Suppose -2 = -2*p, 6*m - 7*m - 3*p = -38. Let l = m - 33. Let v(w) = 8*w - 1. Determine v(l).
15
Let z(o) = o**3 - 6*o - 4. Let t = -221 + 255. Suppose -t = -22*n + 32. What is z(n)?
5
Let a(x) = -7*x - 7. Let f be a(-7). Let n = f - 37. Let p(h) = -20*h - 11. Let s(g) = -9*g - 5. Let t(w) = -4*p(w) + 9*s(w). Calculate t(n).
-6
Let m(k) = k**2 - 8*k + 7. Let i be (2 - 6595/(-35)) + (-4)/(-7). Let o = i + -185. Calculate m(o).
-5
Let h(v) = -6190*v + 3098*v - 2 + 3093*v. Suppose -3*l + 5*f + 13 = 0, -3*l - f + 3 = 2*l. Give h(l).
-1
Let d(j) = 2*j**2 + 2*j - 10. Suppose -4*a - 2*p = -10, a - 8*p = -6*p - 10. Determine d(a).
-10
Let v be (-2)/(-4) + (-1267)/(-14). Suppose 0 = 89*m - v*m + 4. Let j(w) = -3*w**3 - 2*w**m - w + w**3 + w**3. What is j(2)?
-18
Let k be (2/(-8))/((-213)/260 - (-24)/30). Let r(g) = g + 14. Determine r(k).
27
Let g(u) = -12*u - 126. Suppose -14031*a + 135 = -14046*a. Determine g(a).
-18
Let b(z) = z - 17 + 3 + 15. Suppose -10*l - 68 = 12. Give b(l).
-7
Suppose -5*g + 1 = 2*p, 19*p - 46 = 17*p + 4*g. Let f(k) = -14*k + 170. Calculate f(p).
-12
Let x(j) = 2*j**3 - 22*j**2 - 27*j + 38. Let b be x(12). Let c(g) = -3 - 1 + 3*g - 8*g - b. Calculate c(-4).
14
Let g(u) = u + 1. Let w(l) = l**2 + 18*l + 63. Let q be w(-21). Let a = q - 134. Let f(o) = o**3 + 10*o**2 + 17*o + 15. Let k be f(a). Give g(k).
8
Suppose -4*l + 5*z + 44 = -236, 3*z = l - 70. Let s(u) = 66*u + 3*u**3 - 4*u**3 - 4 + l*u - 137*u + 5*u**2. Let q be (10/6)/(2/6). What is s(q)?
-9
Let v(g) = 6 - g - 2*g - 5*g**2 - 5 + 6*g**2. Let j be (28/(-18))/7 + (-110)/(-9). Suppose 0 = 37*m - 31*m - j. Calculate v(m).
-1
Let j(l) = -l**3 + 3*l**2 + 2. Let u be j(4). Let x(k) = -2*k**3 - 28*k**2 + k + 3. Determine x(u).
-11
Let m(l) be the second derivative of l**5/10 - 4*l**4/3 - 2*l**3 + 9*l**2/2 + 3141*l. Determine m(8).
-87
Let v(s) be the first derivative of -s**2/2 + s + 1. Let u be v(-4). Let z(p) = -75 + 0*p + 50 + p + 21 - 5*p**2 + p**3 + 0*p**2. What is z(u)?
1
Let u(s) be the first derivative of -6*s**2 - 27*s + 38. Let x be u(-3). Let l(q) = q**3 - 10*q**2 + 6*q + 11. Calculate l(x).
-16
Let g(n) = -n + 3. Let p be g(4). Suppose 4*q - 60 = -q. Let l(v) = q*v + 11*v - 20*v + v**2 + 1. Calculate l(p).
-1
Let o(u) = 5*u. Let k(s) = -s**2 + 12*s + 1. Let a(q) = -2*k(q) + 5*o(q). Let d(c) = 5*c**2 - 7*c - 10. Let w(b) = -2*a(b) + d(b). Calculate w(9).
-6
Let k(v) = -v**3 - 7*v**2 + 7*v - 5. Let w be k(-8). Suppose 0 = 3*x - 7*x + 16, -5*x - 68 = -2*b. Let y(h) = -131 + b + 3*h**2 + 37 - 3*h + 46. Determine y(w).
14
Let t(l) be the first derivative of -l**4/4 + 8*l**3/3 - l**2/2 + 9*l - 7874. Let b(w) = 3*w - 7. Let d be b(5). Give t(d).
1
Let h(q) = 4251 - 13*q - 4231 + q**2 + 13*q. Determine h(0).
20
Let j(h) be the second derivative of -h**5/10 - h**2/2 + 2*h + 1. Let g(i) = -i**2 + 4*i + 1. Let u be g(9). Let o be u/(-198) + 22/(-18). Give j(o).
1
Let p(s) = 3*s + s**3 - 8*s - 1624*s**2 + 1621*s**2 + 5. Let o be ((-18)/45)/((-1)/(-10)). Let q be 10/o*(-80)/50. Determine p(q).
1
Suppose -45*j + 126 = -39*j. Let w be j/(-6)*24/42. Let t(p) = 2*p. Determine t(w).
-4
Let f(g) be the third derivative of -5*g**4/24 - g**3/6 - 830*g**2. Suppose -k + 20 = -5*k. Calculate f(k).
24
Let c(z) be the first derivative of -2*z**3/3 + 2*z - 99. Let s(r) = 7*r**2 + 13*r + 3. Let m(j) = -3*c(j) - s(j). Give m(-11).
13
Let s(q) = 16*q + 13235 - 13226 + 2*q**2 + 4*q**2. Calculate s(-2).
1
Let j(n) = n**3 + 5*n**2 - 2*n + 5. Let h(o) = -o + 27*o + 2 + 0*o - o. Let z be h(4). Let i = z - 107. Give j(i).
15
Let d(i) = 8*i**2 + i - 3. Let x(o) = 25*o**2 + 4*o - 20. Let g(c) = -6*d(c) + x(c). Calculate g(3).
-215
Let v be (18/(-45) - (-2)/(-20))/(10/(-60)). Let m(g) = -10*g + 22. What is m(v)?
-8
Let s(a) be the third derivative of -a**6/120 - 3*a**5/20 - 7*a**4/24 + 7*a**3/6 + 12*a**2 + 2*a. Suppose 4*d = -473 + 441. Give s(d).
-1
Suppose u - g + 5*g = 110, 3*u - 296 = 5*g. Let l = u - 99. Let t(v) = -1 + 2*v**l - 7*v**3 + v**3 + 2*v**2. Determine t(1).
-3
Let d be ((-585)/(-468))/(2 - (-7)/(-4)). Let g(z) = -2*z**2 + 11. Give g(d).
-39
Let s(v) = v**2 - 9*v + 24. Suppose -3*y + 63 = 42. Let m be s(y). Let d(h) = h**2 - 9*h - 14. Give d(m).
-4
Let u(c) = -1130 + c**2 - 31*c + 500 + 276. What is u(40)?
6
Suppose 2*a = -13 - 17. Let c(y) = -39*y + 17 - 100*y - 48*y + 188*y. Calculate c(a).
2
Let n be 2 + 0 - (1 - 1). Let y(v) = 6*v + 2. Let i(o) = -o**2 - 24*o + 9. Let s be i(-24). Let c(t) = 3*t + 1. Let m(a) = s*c(a) - 4*y(a). Calculate m(n).
7
Let q(c) be the second derivative of -c**4/12 + c**3/6 - c**2 + 2*c + 258. Let m be (4 - 7)/(6/(-10)). Let x = 10 - m. Give q(x).
-22
Let l = 4 + -2. Let s = 3 + l. Let a(n) be the second derivative of n**3/6 + n**2/2 + 30999*n. What is a(s)?
6
Suppose -19 = 27*l - 235. Let a(t) = 5*t**3 + 19*t**2 - 21*t - 23. Let n(s) = 2*s**3 + 6*s**2 - 7*s - 8. Let j(r) = 3*a(r) - 8*n(r). Give j(l).
3
Let q(a) = a**2 - 7*a + 16. Let s be q(2). Let k(d) = -d**2 + d + 1. Let o(f) = 6*f**2 - 9*f - 13. Let v(g) = 5*k(g) + o(g). Give v(s).
4
Let c(z) = z**3 - 5*z**2 - z - 19. Let p be (-19)/((-513)/12) + (-300)/(-54). Determine c(p).
11
Suppose 0 = 4*s - 23 - 9. Let c = s + 30. Let n(o) = 2 + c*o - 22*o - 15*o + 5. What is